 f + 3. Let t(w) = -10*w - 21. Let v(a) = 18*n(a) + 2*t(a). Give v(17).
-22
Suppose h = 4*c - 3*h, 0 = 2*h. Let v(k) = 79*k - 2. Let u(f) = 59*f - 1. Let l(b) = 4*u(b) - 3*v(b). Determine l(c).
2
Let i(o) be the second derivative of -7*o**3/6 + o**2/2 + 197*o. Determine i(-1).
8
Let k(i) = -7*i**2 + 11*i. Let g(c) be the third derivative of -c**5/3 + 4*c**4/3 - 12*c**2. Let z(l) = -6*g(l) + 17*k(l). Determine z(3).
-6
Suppose -5*d - 4*a = -154 - 155, 280 = 4*d - 5*a. Let j = 63 - d. Let i(q) = -7*q + 2. What is i(j)?
16
Let l = -432 - -437. Let r(a) be the first derivative of -a**4/4 + 5*a**3/3 + a**2 - 5*a + 3. Determine r(l).
5
Let c(q) be the second derivative of -q**4/12 + 4*q**3/3 + 4*q**2 + q + 60. What is c(7)?
15
Let x(s) = s**3 - 6*s**2 - 7*s - 5. Let v = -69 + 183. Let u = -107 + v. Determine x(u).
-5
Let n(j) = 3*j**2 + j + 14. Let t(h) = -h**2 + h - 9. Let w(x) = n(x) + 2*t(x). Suppose q - 36 = -3*q. Suppose -3*r = q + 3. Give w(r).
0
Let u(s) be the first derivative of -s**4/4 - s**3 + 5*s**2/2 + 2*s + 221. Suppose -4*c = -20, 2 = -2*b - c - 1. Determine u(b).
-2
Let a(s) = -10*s**3 - s**2 + 2*s + 4. Let c(h) = 10*h**3 - h - 2. Let f(b) = a(b) + 2*c(b). Let g(i) = i**3 - i**2 + i + 1. Let p be g(0). Give f(p).
9
Let r(l) = -l + 1. Let k(d) = 4*d - 17. Let m(h) = -k(h) - 5*r(h). Let p be 192/(-14) + 6/(-21). Let q be m(p). Let b(o) = o**3 - 3*o - 2. What is b(q)?
-4
Let y(q) be the first derivative of -q**5/20 - q**4/4 - q**3/3 + 3*q**2/2 + 5*q - 10. Let a(i) be the first derivative of y(i). Give a(-3).
9
Let r = 517 - 512. Let u(w) = -w**2 - 3*w + 2. Determine u(r).
-38
Let v(m) = -11*m - 3. Let c(u) = 14*u + 4. Let a(z) = -3*c(z) - 4*v(z). Calculate a(-2).
-4
Let m(x) = 154 + 143 - 2*x + 146 - 428. Calculate m(8).
-1
Let z(t) = 2*t**2 - 3894 + 7768 + 0*t**2 - 3884. What is z(-3)?
8
Suppose 5*z + 5 - 30 = -3*p, -23 = -5*p + z. Let c(j) = 5*j + 5 + 5*j - p*j - 6*j. What is c(5)?
0
Let b(k) = -2 - 4*k**2 - 5*k**2 + 10*k**2 - k + 1. Let h(l) = -l**3 + l**2 + 3*l + 2. Let n(a) = 4*b(a) - h(a). What is n(-4)?
6
Let k(y) = 3*y + 23. Let n be (-10)/(-6) + (-6560)/480. Give k(n).
-13
Suppose -4*q = 3*o - 52, 28 = o + 3*o - 5*q. Let g = o - 6. Suppose b - g = 2*b. Let i(z) = z**3 + 6*z**2 - z + 2. Give i(b).
8
Let c(g) = -10 + g**2 - 2*g**2 + 2*g**2 - 13*g. What is c(14)?
4
Suppose j = -2*t - 7, 3*j + 16*t + 11 = 20*t. Let h(b) = -b**2 - 3*b + 1. Let r(d) = -d**2 - 4*d + 2. Let v(o) = -2*h(o) + 3*r(o). What is v(j)?
9
Let y = 65 - 75. Let z be 6/(-8) + y/40. Let x(d) = -12*d**3 + 2*d**2 - 1. What is x(z)?
13
Let j(d) = d**3 + d**2 + 3*d + 3. Suppose -4 = -786*u + 788*u. Determine j(u).
-7
Let t be (12 - (-12)/6)/(0 - -2). Let r(p) be the second derivative of p**5/20 - p**4/2 - 3*p**3/2 - 3*p**2/2 + 21*p. What is r(t)?
-17
Let m(y) = -y**3 - y**2. Let o(k) = -4 + 3*k**3 + 0*k**3 - 2 + 9*k**2 + 5. Let w(d) = 2*m(d) + o(d). What is w(-7)?
-1
Let u be (-7 - -1)/(-2 - -4). Let q be -3 + -1 + 0/u. Let l(v) be the second derivative of -v**3/3 + 5*v**2/2 + 2*v. Give l(q).
13
Let j = 3 - -7. Let k(o) = j*o**2 - 12 + 6 + 5. Give k(1).
9
Let a be 380/65 + 4/26. Let k(i) be the first derivative of i**4/4 - 2*i**3 - 2*i**2 + 7*i + 14. Determine k(a).
-17
Let v(y) = -y**3 - 10*y**2 + 10*y - 10. Suppose 4*c - 11 = 5. Suppose -n + 0*n + 4*g + 5 = 0, c*n = -5*g - 64. Determine v(n).
1
Suppose -3*y + 3*b + 3 = 0, -3*b + 12 = 2*y - 5. Let s(v) = -1 + 4*v - 12*v + 3*v + 4 + 4*v. Give s(y).
-1
Let j(c) = c**3 - 34*c**2 + 35*c - 64. Let a be j(33). Let b(g) be the second derivative of 2*g**3/3 + 3*g. Calculate b(a).
8
Let j = 705 - 697. Suppose -4*c - c = 0. Suppose c = j*v - 2*v + 18. Let l(h) = h**2 - h. Determine l(v).
12
Suppose -2*p = 3*d - 19, 0 = -d + 6*d - 25. Let q(x) = -7*x + 14*x + 2 - 4 + 3 - x**p. Suppose -6 - 2 = -n. What is q(n)?
-7
Suppose -21*b = -16*b + 15. Let x(a) = a**3 + 2*a**2 - 5*a - 3. Let f be x(b). Let z(p) = p - 3. Give z(f).
0
Let v(a) be the first derivative of 3*a**2/2 + 5*a + 107. Determine v(-4).
-7
Suppose -15 = -2*g - 5*s, g + 0*g = 2*s + 3. Let x(a) = a**3 + a + 4*a**2 - g - 2*a - 2*a. Calculate x(-5).
-15
Let q(p) = 7*p + 31. Let d(v) = 3*v + 15. Let i(y) = -5*d(y) + 2*q(y). Let a(h) = 3*h + 15. Let t be a(-7). Determine i(t).
-7
Let v(o) = 17*o**2 - 6*o. Let w(p) = 6*p**2 - 2*p. Let n(a) = -4*v(a) + 11*w(a). Let h(z) = z**2 - 5*z + 2. Let t be h(5). Give n(t).
-4
Let a = 15 + -27. Let u be 4/a - (-7)/3. Let v be 1 + (-1 + -1 - u). Let i(c) = 2*c + 2. What is i(v)?
-4
Let f = -86 - -109. Let a(d) = d**2 - 22*d - 23. Let l be a(f). Let j(n) = 10 - n**2 + n + 0*n**3 - n**3 + 0*n**2. Give j(l).
10
Let p(v) = 3*v - 20. Let h(t) = 14*t - 83. Let q(z) = -2*h(z) + 9*p(z). What is q(-11)?
-3
Suppose -3*m = 18 + 18. Let k = m + 7. Let q(u) = -5*u**3 + 10*u - 2. Let a(l) = 6*l**3 + l**2 - 11*l + 3. Let x(r) = -6*a(r) - 7*q(r). Give x(k).
-9
Let z(v) = -v - 2. Let h(j) = -3*j + 77. Suppose -3*p + r = -76, -p = -4*p + 4*r + 79. Let l be h(p). What is z(l)?
-4
Let d(w) = -11 + 0 + 0 + w + 0 + 2. Determine d(9).
0
Suppose -6*w + 7*w + 3*h = 1, -3*h - 3 = -3*w. Let i(l) = 8*l**2 + 4*l - 3. Calculate i(w).
9
Suppose 0 = 5*r - 887 + 872. Let n(o) = 3*o**2 - o - 4. Give n(r).
20
Let m(i) = i - 2. Suppose 35*k - 36*k + 5 = 0. Suppose 0 = -k*y - 11 + 31. What is m(y)?
2
Let m(f) = 4*f**2 + 6*f - 1. Let r(v) = 5*v**2 + 8*v + 1. Let n(i) = 4*m(i) - 3*r(i). What is n(-5)?
18
Let g be (-32)/(-14) + 16/(-56). Let p(r) = 2*r**2 + r**2 + 8*r**g - 1 - 2*r - 9*r**2. What is p(-1)?
3
Suppose 3*q - 4 - 17 = -z, 0 = -3*q + 5*z + 3. Suppose 0 = 2*h + h - 5*p + q, -2*h - p - 4 = 0. Let k(m) = 0*m**2 + m**2 - 5*m - 3 + 3*m. What is k(h)?
5
Let d(q) = 9*q + 69. Let j(m) = -4*m - 30. Let p(c) = -6*d(c) - 14*j(c). Calculate p(7).
20
Suppose 11 = -3*x - 55. Let z = x + 42. Suppose d - 3*g + z = 0, 4*d + 55 - 20 = 3*g. Let f(s) = s**2 + 6*s. Calculate f(d).
-5
Let g(y) = 15*y - 13. Let w(o) = -7*o + 6. Let u(s) = -6*g(s) - 13*w(s). Let v(k) = k**2 - 11*k + 3. Let z be v(10). Give u(z).
-7
Let i(w) = -5*w + 35 + 39 - 103 + 31. Suppose 4*f - 8 = 0, 8*v - 3*v - 5*f + 25 = 0. What is i(v)?
17
Let l(v) = 2*v**2 - 20*v + 20. Let w be l(9). Let p(t) = t**w + 12 - 19 - 4*t + t - 2*t. What is p(6)?
-1
Let b = 21 - 21. Let p(g) be the third derivative of g**5/60 + g**4/24 + 2*g**3/3 + 17*g**2. What is p(b)?
4
Let x(d) = -178*d - 2*d**2 - d**3 + d**2 + 180*d + 1. Suppose -7 = -4*w - t, 4*w - 2*t + 5*t - 5 = 0. Determine x(w).
-7
Let t be 50/15*(-3)/(-2). Let a(s) = -s**3 + 6*s**2 - 3*s - 8. Let o be a(t). Let n(c) = 1 + 5*c**o + 13*c**3 + 21*c**3 - 33*c**3 + c. Give n(-2).
11
Let w be (-14)/(-2)*(-18)/21. Let y(d) = -d**3 - 7*d**2 - 7*d + 1. What is y(w)?
7
Let k(l) = -l**2 + 2*l - 1. Let j(y) = 4*y**2 - 14*y + 6. Let g(z) = j(z) + 6*k(z). What is g(2)?
-12
Let n(t) = 1 - 2*t + 21 - 12 - 7. Suppose 3*v = 2*y + 9, -4*v + 5*y + 5 + 0 = 0. Determine n(v).
-7
Let p(m) be the third derivative of -m**6/180 - m**5/60 + m**4/24 + 3*m**3/2 + 3*m**2. Let r(a) be the first derivative of p(a). Give r(-2).
-3
Let c = 24 - 22. Let r(j) = 5*j**2 - 3*j - 21*j**c + 4*j + 12*j**2. Give r(-1).
-5
Let l(r) = r**3 - 6*r**2 + 7*r + 1. Suppose 4*m - 2*p - 28 = -24, -p = -m. Let u be (-1 - 0)/(1 + -2). Let a be 5/(4 - u - m). What is l(a)?
11
Let o(d) be the first derivative of d**5/60 - d**4/12 - d**3/6 + 12*d**2 - 24. Let c(b) be the second derivative of o(b). Determine c(3).
2
Let c(v) be the first derivative of v**2/2 + 6*v + 571. Let s = -13 + 5. What is c(s)?
-2
Let l(m) = -5*m + m**2 - 9*m + 2*m + 9*m - 12. Calculate l(6).
6
Let n(a) = -a + 2. Let d(w) = -7*w + 13. Let z(t) = d(t) - 6*n(t). Let s = 9 + -15. What is z(s)?
7
Let a(m) be the third derivative of 0*m + 1/60*m**5 + 19*m**2 - 1/120*m**6 - 5/6*m**3 + 1/24*m**4 + 0. Let v be (-1 + 0 + 2)*0. What is a(v)?
-5
Let f(v) be the first derivative of v**2 + 2*v - 1. Suppose 5*a + 3*t - 70 = t, -3*a + t = -53. Suppose z + w = -2, 0 = 2*z + 4*w - 6*w + a. Determine f(z).
-8
Let j(g) = -g + 8. Let o(u) = -u**2 - 12*u - 17. Let r be o(-10). Suppose v = -r*v + 40. Suppose -n + 2*z + 9 = -z, -v = -2*n - 2*z. Calculate j(n).
2
Let y(p) = p - 5. Let j be (-2 - 6)/32*-56. Give y(j).
9
Suppose -l - 3 = -2*p, -l + 11 = 5*p + 28. Let t(r) = -5*r**2